 g be v(t). Suppose 0 = -5*o + 4*u + 799, 6*u - 4*u + 2 = g. List the prime factors of o.
3, 53
Let t = 4365 - 2868. What are the prime factors of t?
3, 499
Let g = -77 + 28. Let w = 53 + g. Suppose -w*p - 186 = -6*p + 2*s, 2*s - 170 = -2*p. List the prime factors of p.
89
Let s(m) be the second derivative of -9*m**3/2 - 143*m**2/2 - m + 10. What are the prime factors of s(-23)?
2, 239
Let u(d) = 3*d**3 + 3*d**2 + 2*d + 29. Let r be u(4). Let a = r + 109. List the prime factors of a.
2, 193
Suppose 5*x + 3354 = n, -3*n + 9*x - 7*x + 10036 = 0. List the prime factors of -1 - (n/(-10) - (-2)/5).
3, 37
Let g be (1 - -4)*326/10. Suppose k - 17 = g. Suppose v + k = 4*c + 5*v, v + 243 = 5*c. What are the prime factors of c?
2, 3
What are the prime factors of (-8)/8*20*-154*2?
2, 5, 7, 11
Suppose 3*d - 46 = -31. Suppose 0 = d*a + 4*k - k - 703, 0 = 5*a + k - 701. List the prime factors of a.
2, 5, 7
Suppose 20*b - 27*b + 7 = 0. Suppose -o - 158 = -b. Let h = o + 380. List the prime factors of h.
223
Let j(l) = -5*l. Let c be j(-1). Suppose 0 = -c*w + 4*m - m + 575, m = -5. Suppose -4*h = x + h - 82, 0 = -x + 5*h + w. What are the prime factors of x?
97
Let f(l) = -l**2 - 18*l. Let m(o) = -1. Let y(n) = -f(n) + 6*m(n). What are the prime factors of y(-32)?
2, 13, 17
Suppose 13*g - 8*g - 340 = 0. Let q be 4*(-4 + g/16). What are the prime factors of (q - 0)/((-2)/(-174) + 0)?
3, 29
Let d be (-67 - -6)/(1/2). Let y = 129 - d. List the prime factors of y.
251
Suppose y + 16 = 5*y + 4*d, 0 = -5*d - 20. List the prime factors of 6692/35 + y/10.
2, 3
Suppose -x = 222 - 967. Let i = x - 427. Suppose -k + r = -6*k + i, -4*k - 4*r = -248. What are the prime factors of k?
2
Let v be (-15)/5 - 3*-22. Let t be (-3)/(-45)*9*5 - -21. Let j = v - t. What are the prime factors of j?
3, 13
Let l = -797 - -1367. Let v = -139 + l. What are the prime factors of v?
431
Let s = 17 + -27. Let x = 37 + s. List the prime factors of x - 0*4/(-8).
3
Suppose -7*x + 6*x - 32 = 0. What are the prime factors of -1 + 0 - (x/8 + -127)?
2, 5, 13
Let j(u) = u**2 + 16*u - 5. Let p be j(-22). Suppose 4*g + 547 = p. Let q = g + 219. What are the prime factors of q?
2, 3, 19
Let o = 69743 + -39152. List the prime factors of o.
3, 11, 103
Let n = 4800 + 61739. List the prime factors of n.
11, 23, 263
Let w = -182 + 186. Let a(k) = 2*k**3 + 3*k**2 + 11*k - 8. List the prime factors of a(w).
2, 53
Let x(u) be the first derivative of 326*u**3 - u**2/2 - 3*u - 207. What are the prime factors of x(-1)?
2, 61
Let c = -29543 + 52667. List the prime factors of c.
2, 3, 41, 47
Suppose 0 = -4*v, -4*q - 4*v + 1390 = -9*q. Let u = q - -439. What are the prime factors of u?
7, 23
Suppose 352 = 8*r - 0*r. Suppose 0 = -c - r + 49. Suppose -5*o + 498 = -3*v, 3*v - 95 = -c*o + 397. What are the prime factors of o?
3, 11
Let t(y) be the first derivative of -y**4/4 + 7*y**3 - 21*y**2/2 + 9*y - 67. List the prime factors of t(19).
2, 83
Let v be (25986/488)/(1/104). What are the prime factors of (3*(-5)/(-30))/(3/v)?
13, 71
Let k(q) be the third derivative of -1/4*q**4 - 4*q**3 + 4/15*q**5 - 14*q**2 + 1/120*q**6 + 0 + 0*q. List the prime factors of k(-16).
2, 3
Let c = 7899 - -6876. Suppose -38*r + c = 4173. What are the prime factors of r?
3, 31
Let b(q) = -q**2 + 22*q - 12. Suppose 2 = -2*s - 6. Let v be 10/s*32/(-5). List the prime factors of b(v).
2, 3, 7
Let c(l) = 162*l**2 - 71*l - 1057. List the prime factors of c(-16).
37, 1123
List the prime factors of -10*(-213730)/44 - 32/(-4).
19, 2557
Let a(x) = -x**2 - 2*x + 32. Suppose -16*o + 13*o = 0. Let p be o*(-2 - -1*(3 + -2)). What are the prime factors of a(p)?
2
Let i(h) = -19*h**3 - 3*h**2. Let t(c) = -29*c**3 - 5*c**2. Let b(d) = -8*i(d) + 5*t(d). Let n be b(-1). List the prime factors of n/(-10) - (-1032)/10.
2, 13
Let x = -42 - -44. Suppose x*d + 39 = -625. List the prime factors of 1 + -4 + d/(2 + -4).
163
Suppose t = -0*o + o, 4 = -o. Let p be t/(4/2) + (13 - 90). Let h = -12 - p. List the prime factors of h.
67
Suppose -13481*w - 1161603 = -13500*w. What are the prime factors of w?
3, 6793
Let d be 4*(-5)/100 - 144/5. Let v(a) = -a**2 - 25*a + 145. What are the prime factors of v(d)?
29
Let m(b) = -b - 5. Let w be m(-10). Suppose -5*c = r - 41, -5*r + w*c = -156 - 79. Suppose -9*a + 1070 = -r. What are the prime factors of a?
2, 31
Let w be (-244)/8*(-2 + -76). Let k = -1148 + w. List the prime factors of k.
1231
Let f(m) = 5*m**2 + 5. Let b be f(6). Let u = 252 - b. List the prime factors of u.
67
Let c be (-6)/(-5)*-1*(-5)/3. Suppose -5*i - 1952 = -t, -270 - 7494 = -4*t - c*i. List the prime factors of t.
2, 971
Let c(f) = 2*f**3 + 28*f**2 - 33*f + 29. Let v be c(-15). Suppose -v*y + 76*y = 1578. List the prime factors of y.
3, 263
Let a = -164 + 155. Let z(n) = 4*n**2 + 19*n + 3. What are the prime factors of z(a)?
2, 3, 13
Let t(z) = 68*z + 77. Suppose 5*f - 4*f = 2*a - 7, 2*f = -4*a + 26. List the prime factors of t(a).
3, 139
Let i = -9 - -7. What are the prime factors of (-145712)/(-252) - i/(-9)?
2, 17
Suppose 0 = -87*s + 639703 + 309728. What are the prime factors of s?
7, 1559
Suppose 2*n + 2*v - 4*v = 1026, 3*v + 2054 = 4*n. Let l = -456 + n. What are the prime factors of l?
59
Let c = -77 - -78. Let f(i) = 69*i**3 - 2*i**2 + 2*i + 1. List the prime factors of f(c).
2, 5, 7
Let d(c) = 3364*c - 2537. List the prime factors of d(5).
3, 23
Suppose 204*m - 206*m - 8 = 0, -2*c + m = -8558. List the prime factors of c.
7, 13, 47
Let r = 102 - 109. Let a be (0/4)/1 - r. List the prime factors of 964/a - 6/105*-5.
2, 3, 23
Suppose 3*i - 3*t = -4415 + 1643, 0 = -2*t + 6. Let p = i + 1502. List the prime factors of p.
7, 83
Let a = 185 - 181. Suppose -2*q + 4*k = -150, a*q + 2*k = -0*q + 300. What are the prime factors of q?
3, 5
Let g(u) = 46*u**2 - 2*u - 33. Let h be g(-7). List the prime factors of h/6 + (-5)/10.
2, 3, 31
Suppose 22*d - 5236 = 5*d. What are the prime factors of (-168)/d - (-39288)/33?
2, 5, 7, 17
Let z be (-11506)/(-12) - ((-25)/(-5))/(-30). Suppose z = 4*f - 2589. List the prime factors of f.
887
Suppose 440 = -20*n + 40. What are the prime factors of (-4)/(n/2471) + (-8)/40?
2, 13, 19
Let a(p) = -p**3 + 16*p**2 - 2*p - 29. Suppose -2*x - f = -30, -4*x - 30 = -6*x - 3*f. What are the prime factors of a(x)?
2, 83
List the prime factors of 8067/((-19)/(266/(-21))).
2, 2689
Let w(c) = 2*c - 13. Let q be w(8). Suppose -3*u + q*o + 6 = 0, u = 2*o - 1 + 2. Suppose -u*k + 26 = -94. What are the prime factors of k?
2, 5
Let r(g) = 72*g**2 + 4*g + 6. Let t(c) = 72*c**2 + 4*c + 7. Let y(q) = 4*r(q) - 3*t(q). What are the prime factors of y(-1)?
71
Let m(g) = 5*g + 43. Let w be m(-8). Let f = -3 + w. Suppose -3*n + 4*r = -8, -3*n = -f*n - 2*r - 16. What are the prime factors of n?
2
Let z(a) = -a**3 + 14*a**2 + 4*a + 29. Suppose 2*w = -8 + 20. Let y(o) = -o**2 + 9*o - 4. Let h be y(w). What are the prime factors of z(h)?
5, 17
List the prime factors of 2/(12/16546) + (-6)/(-36)*2.
2, 7, 197
Suppose 3*d = 5*n + 130300, -5*d - 94*n = -89*n - 217060. What are the prime factors of d?
2, 5, 13, 167
Let i = -2778 + 912. List the prime factors of i/15*(-30)/12.
311
Let j(d) = 3*d + 23. Let c be j(-9). Let p(l) = -7*l**3 - 8*l**2 - 9*l - 9. List the prime factors of p(c).
347
Suppose -7420 = -429*i + 419*i. Let n = 907 - i. What are the prime factors of n?
3, 5, 11
Let m = 845 + -860. List the prime factors of (10/3)/2 + (-15380)/m.
13, 79
Let b = 1725 - -1419. List the prime factors of b.
2, 3, 131
Let c be (-1444)/6 - (-14)/21. Let o be c/(-18)*(-6)/5. List the prime factors of (-538)/(-3) + o/12.
2, 89
Let r = -46048 - -77988. What are the prime factors of r?
2, 5, 1597
Let b(c) = -7*c - 23. Let x be ((-618)/(-18))/((-3)/9). Let f = 96 + x. What are the prime factors of b(f)?
2, 13
Let l(q) = 3*q**2 - 45*q - 4. Let z be l(15). What are the prime factors of (5 + -3 - z) + 645?
3, 7, 31
Suppose 0*d = 10*d - 40. Suppose 6*y + 4*m - 1512 = d*y, -3*y + 2258 = 4*m. List the prime factors of y.
2, 373
What are the prime factors of 3 + -8 + (2 - 10) + 4987?
2, 3, 829
Let v be 21/(-12)*(6/3 - 6). Suppose 1279 = v*p - 324. List the prime factors of p.
229
Let k = -2602 - -4521. Suppose 4465 = 8*a - k. List the prime factors of a.
2, 3, 7, 19
Let